{"id":54,"date":"2024-09-19T15:34:19","date_gmt":"2024-09-19T13:34:19","guid":{"rendered":"http:\/\/vseozbranich.kentaurzbrane.cz\/?page_id=54"},"modified":"2024-09-19T15:34:19","modified_gmt":"2024-09-19T13:34:19","slug":"poplatky","status":"publish","type":"page","link":"http:\/\/vseozbranich.kentaurzbrane.cz\/index.php\/poplatky\/","title":{"rendered":"Poplatky"},"content":{"rendered":"\n<figure class=\"wp-block-table\"><table class=\"has-fixed-layout\"><tbody><tr><td colspan=\"3\"><strong>NE\u00da\u0158EDNICK\u00c9 \u00daKONY<\/strong><\/td><\/tr><tr><td>L\u00e9ka\u0159sk\u00e9 vy\u0161et\u0159en\u00ed pro zdravotn\u00ed zp\u016fsobilost<\/td><td>300\u20131000 K\u010d<\/td><td>Z\u00e1le\u017e\u00ed na cen\u00edku l\u00e9ka\u0159e<\/td><\/tr><tr><td>Psychologick\u00e9 vy\u0161et\u0159en\u00ed<\/td><td>od 2.000 K\u010d<\/td><td>Pouze pokud ho vy\u017e\u00e1d\u00e1 l\u00e9ka\u0159<\/td><\/tr><tr><td>P\u0159\u00edpravn\u00fd st\u0159eleck\u00fd kurz<\/td><td>2.500 &#8211; 5.000 K\u010d<\/td><td>Z\u00e1le\u017e\u00ed na rozsahu a poskytovateli<\/td><\/tr><tr><td>Vykon\u00e1n\u00ed zkou\u0161ky odborn\u00e9 zp\u016fsobilosti &#8211; odm\u011bna komisa\u0159i<\/td><td>600 K\u010d<\/td><td>Odm\u011bna je stanovena z\u00e1konem<\/td><\/tr><tr><td>Vykon\u00e1n\u00ed zkou\u0161ky odborn\u00e9 zp\u016fsobilosti &#8211; cena za st\u0159elnici<\/td><td>1.000 &#8211; 3.000 K\u010d<\/td><td>Z\u00e1le\u017e\u00ed na cen\u00edk\u016f st\u0159elnice, poplatek (zpravidla ni\u017e\u0161\u00ed, se plat\u00ed i p\u0159i nep\u0159ipu\u0161t\u011bn\u00ed k praktick\u00e9 \u010d\u00e1sti)<\/td><\/tr><tr><td colspan=\"3\"><strong>ZBROJN\u00cd PR\u016eKAZ<\/strong><\/td><\/tr><tr><td>P\u0159ijet\u00ed p\u0159ihl\u00e1\u0161ky ke zkou\u0161ce odborn\u00e9 zp\u016fsobilosti \u017eadatele o vyd\u00e1n\u00ed zbrojn\u00edho pr\u016fkazu&nbsp;<\/td><td>100 K\u010d<\/td><td><\/td><\/tr><tr><td>\u017d\u00e1dost o vyd\u00e1n\u00ed zbrojn\u00edho pr\u016fkazu za ka\u017edou skupinu<\/td><td>700 K\u010d<\/td><td><\/td><\/tr><tr><td>\u017d\u00e1dost o roz\u0161\u00ed\u0159en\u00ed skupin zbrojn\u00edho pr\u016fkazu za ka\u017edou dal\u0161\u00ed skupinu<\/td><td>700 K\u010d<\/td><td>Od tohoto spr\u00e1vn\u00edho poplatku je osvobozen \u017eadatel, kter\u00fd je p\u0159\u00edslu\u0161n\u00edkem ozbrojen\u00e9ho bezpe\u010dnostn\u00edho sboru<\/td><\/tr><tr><td>\u017d\u00e1dost o vyd\u00e1n\u00ed nov\u00e9ho zbrojn\u00edho pr\u016fkazu po uplynut\u00ed doby jeho platnosti<\/td><td>400 K\u010d<\/td><td><\/td><\/tr><tr><td colspan=\"3\"><strong>ZBRAN\u011a<\/strong><\/td><\/tr><tr><td>\u017d\u00e1dost o povolen\u00ed pro zbra\u0148 kategorie B<\/td><td>200 K\u010d<\/td><td><\/td><\/tr><tr><td>\u017d\u00e1dost o v\u00fdjimku pro zbra\u0148 kategorie A<\/td><td>1.000 K\u010d<\/td><td><\/td><\/tr><tr><td>\u017d\u00e1dost o v\u00fdjimku pro zbra\u0148 kategorie A-I (nebo st\u0159eliva kategorie A-I)<\/td><td>200 K\u010d<\/td><td><\/td><\/tr><tr><td>P\u0159ijet\u00ed ozn\u00e1men\u00ed o nabyt\u00ed vlastnictv\u00ed ke zbrani, kter\u00e1 podl\u00e9h\u00e1 registraci (kategorie A, A-I, B a C)<\/td><td>300 K\u010d\/ks<\/td><td><\/td><\/tr><\/tbody><\/table><\/figure>\n","protected":false},"excerpt":{"rendered":"<p>NE\u00da\u0158EDNICK\u00c9 \u00daKONY L\u00e9ka\u0159sk\u00e9 vy\u0161et\u0159en\u00ed pro zdravotn\u00ed zp\u016fsobilost 300\u20131000 K\u010d Z\u00e1le\u017e\u00ed na cen\u00edku l\u00e9ka\u0159e Psychologick\u00e9 vy\u0161et\u0159en\u00ed od 2.000 K\u010d Pouze pokud ho vy\u017e\u00e1d\u00e1 l\u00e9ka\u0159 P\u0159\u00edpravn\u00fd st\u0159eleck\u00fd kurz 2.500 &#8211; 5.000 K\u010d Z\u00e1le\u017e\u00ed na rozsahu a poskytovateli Vykon\u00e1n\u00ed zkou\u0161ky odborn\u00e9 zp\u016fsobilosti &#8211; odm\u011bna komisa\u0159i 600 K\u010d Odm\u011bna je stanovena z\u00e1konem Vykon\u00e1n\u00ed zkou\u0161ky odborn\u00e9 zp\u016fsobilosti &#8211; cena za [&hellip;]<\/p>\n","protected":false},"author":2,"featured_media":0,"parent":0,"menu_order":0,"comment_status":"closed","ping_status":"closed","template":"","meta":{"footnotes":""},"class_list":["post-54","page","type-page","status-publish","hentry"],"_links":{"self":[{"href":"http:\/\/vseozbranich.kentaurzbrane.cz\/index.php\/wp-json\/wp\/v2\/pages\/54","targetHints":{"allow":["GET"]}}],"collection":[{"href":"http:\/\/vseozbranich.kentaurzbrane.cz\/index.php\/wp-json\/wp\/v2\/pages"}],"about":[{"href":"http:\/\/vseozbranich.kentaurzbrane.cz\/index.php\/wp-json\/wp\/v2\/types\/page"}],"author":[{"embeddable":true,"href":"http:\/\/vseozbranich.kentaurzbrane.cz\/index.php\/wp-json\/wp\/v2\/users\/2"}],"replies":[{"embeddable":true,"href":"http:\/\/vseozbranich.kentaurzbrane.cz\/index.php\/wp-json\/wp\/v2\/comments?post=54"}],"version-history":[{"count":1,"href":"http:\/\/vseozbranich.kentaurzbrane.cz\/index.php\/wp-json\/wp\/v2\/pages\/54\/revisions"}],"predecessor-version":[{"id":55,"href":"http:\/\/vseozbranich.kentaurzbrane.cz\/index.php\/wp-json\/wp\/v2\/pages\/54\/revisions\/55"}],"wp:attachment":[{"href":"http:\/\/vseozbranich.kentaurzbrane.cz\/index.php\/wp-json\/wp\/v2\/media?parent=54"}],"curies":[{"name":"wp","href":"https:\/\/api.w.org\/{rel}","templated":true}]}}