{"id":62,"date":"2024-09-19T15:34:39","date_gmt":"2024-09-19T13:34:39","guid":{"rendered":"http:\/\/vseozbranich.kentaurzbrane.cz\/?page_id=62"},"modified":"2025-01-08T14:12:12","modified_gmt":"2025-01-08T13:12:12","slug":"zadost-o-zp","status":"publish","type":"page","link":"http:\/\/vseozbranich.kentaurzbrane.cz\/index.php\/zadost-o-zp\/","title":{"rendered":"\u017d\u00e1dost o ZP"},"content":{"rendered":"\n<p>M\u00e1te u\u017e osv\u011bd\u010den\u00ed o odborn\u00e9 zp\u016fsobilosti a doklad o zdravotn\u00ed zp\u016fsobilosti.Nyn\u00ed se vr\u00e1t\u00edte zp\u011bt na sv\u016fj p\u0159\u00edslu\u0161n\u00fd \u00fatvar policie<\/p>\n\n\n\n<p>Vypl\u0148te formul\u00e1\u0159 \u201e\u017d\u00e1dost o vyd\u00e1n\u00ed zbrojn\u00edho pr\u016fkazu\u201c, p\u0159ilo\u017ete k n\u011bmu osv\u011bd\u010den\u00ed o odborn\u00e9 zp\u016fsobilosti a jednu pasovou fotografii. Pokud od pod\u00e1n\u00ed p\u0159ihl\u00e1\u0161ky ke zkou\u0161ce uplynuly v\u00edce ne\u017e t\u0159i m\u011bs\u00edce, p\u0159ilo\u017ete i posudek o zdravotn\u00ed zp\u016fsobilosti. V\u00fdpis z trestn\u00edho rejst\u0159\u00edku se postar\u00e1 policie sama. V\u0161echny dokumenty odevzdejte na p\u0159\u00edslu\u0161n\u00fd policejn\u00ed \u00fatvar, kde v\u00e1m vyhotov\u00ed zbrojn\u00ed pr\u016fkaz.<\/p>\n\n\n\n<p>Po pod\u00e1n\u00ed \u017e\u00e1dosti m\u016f\u017eete na zbrojn\u00ed pr\u016fkaz \u010dekat a\u017e dva m\u011bs\u00edce, nebo i d\u00e9le. Policie mus\u00ed z\u00edskat v\u00fdpis z trestn\u00edho rejst\u0159\u00edku a potvrzen\u00ed o p\u0159estupc\u00edch, co\u017e m\u016f\u017ee n\u011bjakou dobu trvat.<\/p>\n\n\n\n<p>Dv\u011b v\u00fdjimky:<\/p>\n\n\n\n<ol class=\"wp-block-list\">\n<li>Pokud jste se v posledn\u00edch 10 letech zdr\u017eovali v\u00edce ne\u017e 6 m\u011bs\u00edc\u016f mimo \u010cR, p\u0159ilo\u017ete k \u017e\u00e1dosti p\u0159elo\u017een\u00fd doklad obdobn\u00fd v\u00fdpisu z trestn\u00edho rejst\u0159\u00edku z dan\u00e9 zem\u011b.<\/li>\n\n\n\n<li>Pokud m\u00e1te m\u00edsto pobytu v jin\u00e9m \u010dlensk\u00e9m st\u00e1t\u011b EU, mus\u00edte p\u0159ilo\u017eit souhlas tohoto st\u00e1tu s vyd\u00e1n\u00edm zbrojn\u00edho pr\u016fkazu nebo potvrzen\u00ed, \u017ee souhlas nen\u00ed nutn\u00fd.<\/li>\n<\/ol>\n\n\n\n<p>Tyto dokumenty mus\u00ed b\u00fdt \u00fa\u0159edn\u011b p\u0159elo\u017eeny do \u010de\u0161tiny a nesm\u00ed b\u00fdt star\u0161\u00ed ne\u017e 6 m\u011bs\u00edc\u016f. (Viz \u00a7 17 ZoZ, odst. 3, 4 a 5)<\/p>\n\n\n\n<figure class=\"wp-block-image aligncenter size-full\"><img loading=\"lazy\" decoding=\"async\" width=\"576\" height=\"753\" src=\"http:\/\/vseozbranich.kentaurzbrane.cz\/wp-content\/uploads\/2025\/01\/prihlaska-zbrojni-prukaz.png\" alt=\"\" class=\"wp-image-172\" srcset=\"http:\/\/vseozbranich.kentaurzbrane.cz\/wp-content\/uploads\/2025\/01\/prihlaska-zbrojni-prukaz.png 576w, http:\/\/vseozbranich.kentaurzbrane.cz\/wp-content\/uploads\/2025\/01\/prihlaska-zbrojni-prukaz-229x300.png 229w\" sizes=\"auto, (max-width: 576px) 100vw, 576px\" \/><\/figure>\n","protected":false},"excerpt":{"rendered":"<p>M\u00e1te u\u017e osv\u011bd\u010den\u00ed o odborn\u00e9 zp\u016fsobilosti a doklad o zdravotn\u00ed zp\u016fsobilosti.Nyn\u00ed se vr\u00e1t\u00edte zp\u011bt na sv\u016fj p\u0159\u00edslu\u0161n\u00fd \u00fatvar policie Vypl\u0148te formul\u00e1\u0159 \u201e\u017d\u00e1dost o vyd\u00e1n\u00ed zbrojn\u00edho pr\u016fkazu\u201c, p\u0159ilo\u017ete k n\u011bmu osv\u011bd\u010den\u00ed o odborn\u00e9 zp\u016fsobilosti a jednu pasovou fotografii. Pokud od pod\u00e1n\u00ed p\u0159ihl\u00e1\u0161ky ke zkou\u0161ce uplynuly v\u00edce ne\u017e t\u0159i m\u011bs\u00edce, p\u0159ilo\u017ete i posudek o zdravotn\u00ed zp\u016fsobilosti. V\u00fdpis [&hellip;]<\/p>\n","protected":false},"author":2,"featured_media":0,"parent":0,"menu_order":0,"comment_status":"closed","ping_status":"closed","template":"","meta":{"footnotes":""},"class_list":["post-62","page","type-page","status-publish","hentry"],"_links":{"self":[{"href":"http:\/\/vseozbranich.kentaurzbrane.cz\/index.php\/wp-json\/wp\/v2\/pages\/62","targetHints":{"allow":["GET"]}}],"collection":[{"href":"http:\/\/vseozbranich.kentaurzbrane.cz\/index.php\/wp-json\/wp\/v2\/pages"}],"about":[{"href":"http:\/\/vseozbranich.kentaurzbrane.cz\/index.php\/wp-json\/wp\/v2\/types\/page"}],"author":[{"embeddable":true,"href":"http:\/\/vseozbranich.kentaurzbrane.cz\/index.php\/wp-json\/wp\/v2\/users\/2"}],"replies":[{"embeddable":true,"href":"http:\/\/vseozbranich.kentaurzbrane.cz\/index.php\/wp-json\/wp\/v2\/comments?post=62"}],"version-history":[{"count":3,"href":"http:\/\/vseozbranich.kentaurzbrane.cz\/index.php\/wp-json\/wp\/v2\/pages\/62\/revisions"}],"predecessor-version":[{"id":217,"href":"http:\/\/vseozbranich.kentaurzbrane.cz\/index.php\/wp-json\/wp\/v2\/pages\/62\/revisions\/217"}],"wp:attachment":[{"href":"http:\/\/vseozbranich.kentaurzbrane.cz\/index.php\/wp-json\/wp\/v2\/media?parent=62"}],"curies":[{"name":"wp","href":"https:\/\/api.w.org\/{rel}","templated":true}]}}