{"id":79,"date":"2024-09-23T14:30:21","date_gmt":"2024-09-23T12:30:21","guid":{"rendered":"http:\/\/vseozbranich.kentaurzbrane.cz\/?page_id=79"},"modified":"2024-09-23T14:30:21","modified_gmt":"2024-09-23T12:30:21","slug":"zbrane-kategorie-d","status":"publish","type":"page","link":"http:\/\/vseozbranich.kentaurzbrane.cz\/index.php\/zbrane-kategorie-d\/","title":{"rendered":"Zbran\u011b kategorie D"},"content":{"rendered":"\n<p><strong>Zbran\u011b kategorie D &#8211; ostatn\u00ed zbran\u011b<\/strong><\/p>\n\n\n\n<p>Zbra\u0148 kategorie D nebo st\u0159elivo pro tuto zbra\u0148 m\u016f\u017ee z\u00edskat, vlastnit a nosit jak\u00e1koliv fyzick\u00e1 osoba star\u0161\u00ed 18 let, kter\u00e1 je zp\u016fsobil\u00e1 k pr\u00e1vn\u00edm \u00fakon\u016fm (\u00a7 15). Pro tyto zbran\u011b nen\u00ed nutn\u00e9 m\u00edt zbrojn\u00ed pr\u016fkaz ani prov\u00e1d\u011bt registraci.<\/p>\n\n\n\n<p>Pozor: To, \u017ee zbrojn\u00ed pr\u016fkaz nen\u00ed pro zbran\u011b kategorie D vy\u017eadov\u00e1n, neznamen\u00e1, \u017ee jejich vlastn\u00edk nem\u00e1 \u017e\u00e1dn\u00e9 povinnosti. I majitel\u00e9 vzduchovek nebo airsoftov\u00fdch zbran\u00ed mus\u00ed dodr\u017eovat ustanoven\u00ed \u00a7 15 z\u00e1kona o zbran\u00edch!<\/p>\n\n\n\n<p><strong>Zbran\u011b kategorie C jsou:<\/strong><\/p>\n\n\n\n<ul class=\"wp-block-list\">\n<li>vzduchovky a v\u011btrovky<\/li>\n\n\n\n<li>flobertky do 7,5 J<\/li>\n\n\n\n<li>airsoftov\u00e9 a paintballov\u00e9 zbran\u011b<\/li>\n\n\n\n<li>znehodnocen\u00e9 zbran\u011b a\u00a0 st\u0159elivo<\/li>\n<\/ul>\n\n\n\n<p>Kompletn\u00ed seznam v <a href=\"https:\/\/zbranekvalitne.cz\/legislativa\/119\/2002#p7\">\u00a7 7 z\u00e1kona o zbran\u00edch<\/a><\/p>\n","protected":false},"excerpt":{"rendered":"<p>Zbran\u011b kategorie D &#8211; ostatn\u00ed zbran\u011b Zbra\u0148 kategorie D nebo st\u0159elivo pro tuto zbra\u0148 m\u016f\u017ee z\u00edskat, vlastnit a nosit jak\u00e1koliv fyzick\u00e1 osoba star\u0161\u00ed 18 let, kter\u00e1 je zp\u016fsobil\u00e1 k pr\u00e1vn\u00edm \u00fakon\u016fm (\u00a7 15). Pro tyto zbran\u011b nen\u00ed nutn\u00e9 m\u00edt zbrojn\u00ed pr\u016fkaz ani prov\u00e1d\u011bt registraci. Pozor: To, \u017ee zbrojn\u00ed pr\u016fkaz nen\u00ed pro zbran\u011b kategorie D vy\u017eadov\u00e1n, [&hellip;]<\/p>\n","protected":false},"author":2,"featured_media":0,"parent":0,"menu_order":0,"comment_status":"closed","ping_status":"closed","template":"","meta":{"footnotes":""},"class_list":["post-79","page","type-page","status-publish","hentry"],"_links":{"self":[{"href":"http:\/\/vseozbranich.kentaurzbrane.cz\/index.php\/wp-json\/wp\/v2\/pages\/79","targetHints":{"allow":["GET"]}}],"collection":[{"href":"http:\/\/vseozbranich.kentaurzbrane.cz\/index.php\/wp-json\/wp\/v2\/pages"}],"about":[{"href":"http:\/\/vseozbranich.kentaurzbrane.cz\/index.php\/wp-json\/wp\/v2\/types\/page"}],"author":[{"embeddable":true,"href":"http:\/\/vseozbranich.kentaurzbrane.cz\/index.php\/wp-json\/wp\/v2\/users\/2"}],"replies":[{"embeddable":true,"href":"http:\/\/vseozbranich.kentaurzbrane.cz\/index.php\/wp-json\/wp\/v2\/comments?post=79"}],"version-history":[{"count":1,"href":"http:\/\/vseozbranich.kentaurzbrane.cz\/index.php\/wp-json\/wp\/v2\/pages\/79\/revisions"}],"predecessor-version":[{"id":80,"href":"http:\/\/vseozbranich.kentaurzbrane.cz\/index.php\/wp-json\/wp\/v2\/pages\/79\/revisions\/80"}],"wp:attachment":[{"href":"http:\/\/vseozbranich.kentaurzbrane.cz\/index.php\/wp-json\/wp\/v2\/media?parent=79"}],"curies":[{"name":"wp","href":"https:\/\/api.w.org\/{rel}","templated":true}]}}